{"id":5290,"date":"2024-12-05T18:39:02","date_gmt":"2024-12-05T18:39:02","guid":{"rendered":"https:\/\/sun.energy\/?post_type=project&#038;p=5290"},"modified":"2024-12-05T19:12:27","modified_gmt":"2024-12-05T19:12:27","slug":"fotovoltaicka-elektrarna-s-akumulaci","status":"publish","type":"project","link":"https:\/\/sun.energy\/cs\/project\/fotovoltaicka-elektrarna-s-akumulaci\/","title":{"rendered":"Ji\u0159\u00ed M., Zru\u010d nad S\u00e1zavou \u2013 fotovoltaick\u00e1 elektr\u00e1rna 9,9 kWp s bateri\u00ed a inteligentn\u00edm \u0159\u00edzen\u00edm"},"content":{"rendered":"<h4><strong>Projekt:<\/strong><\/h4>\n<p>Fotovoltaick\u00e1 elektr\u00e1rna s akumulac\u00ed a tepeln\u00fdm \u010derpadlem<\/p>\n<h4><strong>Lokalita:<\/strong><\/h4>\n<p>Zru\u010d nad S\u00e1zavou<\/p>\n<h4><strong>Typ nemovitosti:<\/strong><\/h4>\n<p>15 let star\u00fd bungalov, sedlov\u00e1 st\u0159echa<\/p>\n<h4><strong>Vyt\u00e1p\u011bn\u00ed:<\/strong><\/h4>\n<p>Plynov\u00fd kotel a podlahov\u00e9 vyt\u00e1p\u011bn\u00ed<\/p>\n<h4><strong>Ro\u010dn\u00ed spot\u0159eba energie:<\/strong><\/h4>\n<p>5 MWh<\/p>\n<h4><strong>Instalace fotovoltaick\u00e9 elektr\u00e1rny:<\/strong><\/h4>\n<p>Pro tento projekt byla navr\u017eena a instalov\u00e1na fotovoltaick\u00e1 elektr\u00e1rna o v\u00fdkonu 9,9 kWp, kter\u00e1 je schopna pokr\u00fdt zna\u010dnou \u010d\u00e1st ro\u010dn\u00ed spot\u0159eby energie dom\u00e1cnosti a zbytek bude sd\u00edlen prost\u0159ednictv\u00edm <em>Komunitn\u00ed energetiky<\/em>. Komplikovan\u00e1 plocha st\u0159echy poskytuje v\u00fdhodu p\u0159i rozprost\u0159en\u00ed v\u00fdroby v \u010dase a \u00a0kvalitn\u00ed 420Wp sol\u00e1rn\u00ed panely Trina Vertex maximalizuj\u00ed \u00fa\u010dinnost v\u00fdroby. Sou\u010d\u00e1st\u00ed syst\u00e9mu je st\u0159\u00edda\u010d GoodWe a baterie Pylontech s kapacitou 10.6kWh.<\/p>\n<h4><strong>Dal\u0161\u00ed roz\u0161\u00ed\u0159en\u00ed:<\/strong><\/h4>\n<p>Na rok 2025 je pl\u00e1nov\u00e1no roz\u0161\u00ed\u0159en\u00ed syst\u00e9mu o pokryt\u00ed gar\u00e1\u017ee a dal\u0161\u00edch \u010d\u00e1st\u00ed st\u0159echy s potenci\u00e1ln\u00edm v\u00fdkonem 7 kWp, \u010d\u00edm\u017e by m\u011bla b\u00fdt vyrobena v\u00fdznamn\u00e1 \u010d\u00e1st elekt\u0159iny pro sd\u00edlen\u00ed uvnit\u0159 rodiny. Instalace fotovoltaick\u00e9ho syst\u00e9mu bude dopln\u011bna o nab\u00edje\u010dku GoodWe, co\u017e umo\u017e\u0148uje dom\u00e1cnosti efektivn\u011b vyu\u017e\u00edvat vlastn\u00ed elekt\u0159inu pro nab\u00edjen\u00ed elektromobilu.<\/p>\n<h4><strong>\u00daspory a nez\u00e1vislost:<\/strong><\/h4>\n<p>Realizace projektu, kter\u00e1 tak\u00e9 zahrnovala instalaci tepeln\u00e9ho \u010derpadla a inteligentn\u00edho \u0159\u00edzen\u00ed Infigy, p\u0159isp\u011bje k v\u00fdrazn\u00e9 \u00faspo\u0159e n\u00e1klad\u016f na energie. D\u00edky tomuto opat\u0159en\u00ed bude dom\u00e1cnost schopn\u00e1 pokr\u00fdt a\u017e 80 % sv\u00e9 spot\u0159eby energie z obnoviteln\u00fdch zdroj\u016f, \u010d\u00edm\u017e se sn\u00ed\u017e\u00ed jej\u00ed z\u00e1vislost na dod\u00e1vk\u00e1ch z elektrick\u00e9 a plynov\u00e9 distribu\u010dn\u00ed s\u00edt\u011b.<\/p>\n<h4><strong>Dota\u010dn\u00ed podpora:<\/strong><\/h4>\n<p>Tento projekt vyu\u017eil dotaci v r\u00e1mci programu Nov\u00e1 zelen\u00e1 \u00faspor\u00e1m (NZU), kter\u00e1 dos\u00e1hla v\u00fd\u0161e 235 tis\u00edc K\u010d. Tato podpora p\u0159isp\u011bla k v\u00fdrazn\u00e9mu sn\u00ed\u017een\u00ed celkov\u00fdch investi\u010dn\u00edch n\u00e1klad\u016f a zrychlen\u00ed n\u00e1vratnosti projektu.<\/p>\n<h4><strong>V\u00fdhody pro z\u00e1kazn\u00edka:<\/strong><\/h4>\n<ul>\n<li><strong>Energetick\u00e1 nez\u00e1vislost<\/strong>: Syst\u00e9m s fotovoltaikou a bateriemi, spolu s tepeln\u00fdm \u010derpadlem, zajist\u00ed dom\u00e1cnosti a\u017e 80% nez\u00e1vislost na extern\u00edch dod\u00e1vk\u00e1ch energie.<\/li>\n<li><strong>\u00daspory na energi\u00edch<\/strong>: Instalace sol\u00e1rn\u00ed elektr\u00e1rny a efektivn\u00ed akumulace p\u0159ebytk\u016f energie p\u0159in\u00e1\u0161\u00ed v\u00fdznamn\u00e9 \u00faspory na n\u00e1kladech za elekt\u0159inu v objemu cca 17 tis. K\u010d \/ rok a dal\u0161\u00ed \u00faspory v r\u00e1mci komunitn\u00ed energetiky.<\/li>\n<li><strong>P\u0159ipravenost na budoucnost<\/strong>: Mo\u017enost roz\u0161\u00ed\u0159en\u00ed o dal\u0161\u00ed sol\u00e1rn\u00ed panely a nab\u00edje\u010dku pro elektromobil \u010din\u00ed tento projekt p\u0159ipraven\u00fd na rostouc\u00ed pot\u0159ebu obnoviteln\u00fdch zdroj\u016f energie a elektrovozidel.<\/li>\n<\/ul>\n<p>&nbsp;<\/p>\n<p><img fetchpriority=\"high\" decoding=\"async\" class=\"alignnone size-medium wp-image-3113 alignleft\" src=\"https:\/\/sun.energy\/wp-content\/uploads\/2022\/04\/JiriM-300x225.jpg\" alt=\"\" width=\"300\" height=\"225\" srcset=\"https:\/\/sun.energy\/wp-content\/uploads\/2022\/04\/JiriM-300x225.jpg 300w, https:\/\/sun.energy\/wp-content\/uploads\/2022\/04\/JiriM-1024x768.jpg 1024w, https:\/\/sun.energy\/wp-content\/uploads\/2022\/04\/JiriM-768x576.jpg 768w, https:\/\/sun.energy\/wp-content\/uploads\/2022\/04\/JiriM-1536x1152.jpg 1536w, https:\/\/sun.energy\/wp-content\/uploads\/2022\/04\/JiriM.jpg 2000w\" sizes=\"(max-width: 300px) 100vw, 300px\" \/> <img decoding=\"async\" class=\"alignnone size-medium wp-image-3115 alignleft\" src=\"https:\/\/sun.energy\/wp-content\/uploads\/2022\/04\/JiriM_01-300x225.jpg\" alt=\"\" width=\"300\" height=\"225\" srcset=\"https:\/\/sun.energy\/wp-content\/uploads\/2022\/04\/JiriM_01-300x225.jpg 300w, https:\/\/sun.energy\/wp-content\/uploads\/2022\/04\/JiriM_01-1024x768.jpg 1024w, https:\/\/sun.energy\/wp-content\/uploads\/2022\/04\/JiriM_01-768x576.jpg 768w, https:\/\/sun.energy\/wp-content\/uploads\/2022\/04\/JiriM_01-1536x1152.jpg 1536w, https:\/\/sun.energy\/wp-content\/uploads\/2022\/04\/JiriM_01.jpg 2000w\" sizes=\"(max-width: 300px) 100vw, 300px\" \/> <img decoding=\"async\" class=\"alignnone size-medium wp-image-3117 alignleft\" src=\"https:\/\/sun.energy\/wp-content\/uploads\/2022\/04\/JiriM_02-300x225.jpg\" alt=\"\" width=\"300\" height=\"225\" srcset=\"https:\/\/sun.energy\/wp-content\/uploads\/2022\/04\/JiriM_02-300x225.jpg 300w, https:\/\/sun.energy\/wp-content\/uploads\/2022\/04\/JiriM_02-1024x768.jpg 1024w, https:\/\/sun.energy\/wp-content\/uploads\/2022\/04\/JiriM_02-768x576.jpg 768w, https:\/\/sun.energy\/wp-content\/uploads\/2022\/04\/JiriM_02-1536x1152.jpg 1536w, https:\/\/sun.energy\/wp-content\/uploads\/2022\/04\/JiriM_02.jpg 2000w\" sizes=\"(max-width: 300px) 100vw, 300px\" \/><\/p>\n<p>&nbsp;<\/p>\n<p>&nbsp;<\/p>\n<p>&nbsp;<\/p>\n<p>&nbsp;<\/p>\n<p>&nbsp;<\/p>\n<p>&nbsp;<\/p>\n<p>&nbsp;<\/p>\n","protected":false},"excerpt":{"rendered":"<p>Projekt: Fotovoltaick\u00e1 elektr\u00e1rna s akumulac\u00ed a tepeln\u00fdm \u010derpadlem Lokalita: Zru\u010d nad S\u00e1zavou Typ nemovitosti: 15 let star\u00fd bungalov, sedlov\u00e1 st\u0159echa Vyt\u00e1p\u011bn\u00ed: Plynov\u00fd kotel a podlahov\u00e9 vyt\u00e1p\u011bn\u00ed Ro\u010dn\u00ed spot\u0159eba energie: 5 MWh Instalace fotovoltaick\u00e9 elektr\u00e1rny: Pro tento projekt byla navr\u017eena a instalov\u00e1na fotovoltaick\u00e1 elektr\u00e1rna o v\u00fdkonu 9,9 kWp, kter\u00e1 je schopna pokr\u00fdt zna\u010dnou \u010d\u00e1st ro\u010dn\u00ed spot\u0159eby [&hellip;]<\/p>\n","protected":false},"featured_media":3113,"template":"","class_list":["post-5290","project","type-project","status-publish","has-post-thumbnail","hentry"],"acf":[],"_links":{"self":[{"href":"https:\/\/sun.energy\/cs\/wp-json\/wp\/v2\/project\/5290","targetHints":{"allow":["GET"]}}],"collection":[{"href":"https:\/\/sun.energy\/cs\/wp-json\/wp\/v2\/project"}],"about":[{"href":"https:\/\/sun.energy\/cs\/wp-json\/wp\/v2\/types\/project"}],"wp:featuredmedia":[{"embeddable":true,"href":"https:\/\/sun.energy\/cs\/wp-json\/wp\/v2\/media\/3113"}],"wp:attachment":[{"href":"https:\/\/sun.energy\/cs\/wp-json\/wp\/v2\/media?parent=5290"}],"curies":[{"name":"wp","href":"https:\/\/api.w.org\/{rel}","templated":true}]}}

Jiří M., Zruč nad Sázavou – fotovoltaická elektrárna 9,9 kWp s baterií a inteligentním řízením

<h4><strong>Projekt:</strong></h4>
<p>Fotovoltaická elektrárna s akumulací a tepelným čerpadlem</p>
<h4><strong>Lokalita:</strong></h4>
<p>Zruč nad Sázavou</p>
<h4><strong>Typ nemovitosti:</strong></h4>
<p>15 let starý bungalov, sedlová střecha</p>
<h4><strong>Vytápění:</strong></h4>
<p>Plynový kotel a podlahové vytápění</p>
<h4><strong>Roční spotřeba energie:</strong></h4>
<p>5 MWh</p>
<h4><strong>Instalace fotovoltaické elektrárny:</strong></h4>
<p>Pro tento projekt byla navržena a instalována fotovoltaická elektrárna o výkonu 9,9 kWp, která je schopna pokrýt značnou část roční spotřeby energie domácnosti a zbytek bude sdílen prostřednictvím <em>Komunitní energetiky</em>. Komplikovaná plocha střechy poskytuje výhodu při rozprostření výroby v čase a  kvalitní 420Wp solární panely Trina Vertex maximalizují účinnost výroby. Součástí systému je střídač GoodWe a baterie Pylontech s kapacitou 10.6kWh.</p>
<h4><strong>Další rozšíření:</strong></h4>
<p>Na rok 2025 je plánováno rozšíření systému o pokrytí garáže a dalších částí střechy s potenciálním výkonem 7 kWp, čímž by měla být vyrobena významná část elektřiny pro sdílení uvnitř rodiny. Instalace fotovoltaického systému bude doplněna o nabíječku GoodWe, což umožňuje domácnosti efektivně využívat vlastní elektřinu pro nabíjení elektromobilu.</p>
<h4><strong>Úspory a nezávislost:</strong></h4>
<p>Realizace projektu, která také zahrnovala instalaci tepelného čerpadla a inteligentního řízení Infigy, přispěje k výrazné úspoře nákladů na energie. Díky tomuto opatření bude domácnost schopná pokrýt až 80 % své spotřeby energie z obnovitelných zdrojů, čímž se sníží její závislost na dodávkách z elektrické a plynové distribuční sítě.</p>
<h4><strong>Dotační podpora:</strong></h4>
<p>Tento projekt využil dotaci v rámci programu Nová zelená úsporám (NZU), která dosáhla výše 235 tisíc Kč. Tato podpora přispěla k výraznému snížení celkových investičních nákladů a zrychlení návratnosti projektu.</p>
<h4><strong>Výhody pro zákazníka:</strong></h4>
<ul>
<li><strong>Energetická nezávislost</strong>: Systém s fotovoltaikou a bateriemi, spolu s tepelným čerpadlem, zajistí domácnosti až 80% nezávislost na externích dodávkách energie.</li>
<li><strong>Úspory na energiích</strong>: Instalace solární elektrárny a efektivní akumulace přebytků energie přináší významné úspory na nákladech za elektřinu v objemu cca 17 tis. Kč / rok a další úspory v rámci komunitní energetiky.</li>
<li><strong>Připravenost na budoucnost</strong>: Možnost rozšíření o další solární panely a nabíječku pro elektromobil činí tento projekt připravený na rostoucí potřebu obnovitelných zdrojů energie a elektrovozidel.</li>
</ul>
<p>&nbsp;</p>
<p><img fetchpriority="high" decoding="async" class="alignnone size-medium wp-image-3113 alignleft" src="https://sun.energy/wp-content/uploads/2022/04/JiriM-300x225.jpg" alt="" width="300" height="225" srcset="https://sun.energy/wp-content/uploads/2022/04/JiriM-300x225.jpg 300w, https://sun.energy/wp-content/uploads/2022/04/JiriM-1024x768.jpg 1024w, https://sun.energy/wp-content/uploads/2022/04/JiriM-768x576.jpg 768w, https://sun.energy/wp-content/uploads/2022/04/JiriM-1536x1152.jpg 1536w, https://sun.energy/wp-content/uploads/2022/04/JiriM.jpg 2000w" sizes="(max-width: 300px) 100vw, 300px" /> <img decoding="async" class="alignnone size-medium wp-image-3115 alignleft" src="https://sun.energy/wp-content/uploads/2022/04/JiriM_01-300x225.jpg" alt="" width="300" height="225" srcset="https://sun.energy/wp-content/uploads/2022/04/JiriM_01-300x225.jpg 300w, https://sun.energy/wp-content/uploads/2022/04/JiriM_01-1024x768.jpg 1024w, https://sun.energy/wp-content/uploads/2022/04/JiriM_01-768x576.jpg 768w, https://sun.energy/wp-content/uploads/2022/04/JiriM_01-1536x1152.jpg 1536w, https://sun.energy/wp-content/uploads/2022/04/JiriM_01.jpg 2000w" sizes="(max-width: 300px) 100vw, 300px" /> <img decoding="async" class="alignnone size-medium wp-image-3117 alignleft" src="https://sun.energy/wp-content/uploads/2022/04/JiriM_02-300x225.jpg" alt="" width="300" height="225" srcset="https://sun.energy/wp-content/uploads/2022/04/JiriM_02-300x225.jpg 300w, https://sun.energy/wp-content/uploads/2022/04/JiriM_02-1024x768.jpg 1024w, https://sun.energy/wp-content/uploads/2022/04/JiriM_02-768x576.jpg 768w, https://sun.energy/wp-content/uploads/2022/04/JiriM_02-1536x1152.jpg 1536w, https://sun.energy/wp-content/uploads/2022/04/JiriM_02.jpg 2000w" sizes="(max-width: 300px) 100vw, 300px" /></p>
<p>&nbsp;</p>
<p>&nbsp;</p>
<p>&nbsp;</p>
<p>&nbsp;</p>
<p>&nbsp;</p>
<p>&nbsp;</p>
<p>&nbsp;</p>

<p>Projekt: Fotovoltaická elektrárna s akumulací a tepelným čerpadlem Lokalita: Zruč nad Sázavou Typ nemovitosti: 15 let starý bungalov, sedlová střecha Vytápění: Plynový kotel a podlahové vytápění Roční spotřeba energie: 5 MWh Instalace fotovoltaické elektrárny: Pro tento projekt byla navržena a instalována fotovoltaická elektrárna o výkonu 9,9 kWp, která je schopna pokrýt značnou část roční spotřeby [&hellip;]</p>
